
4
What is the value of -5 + -4 + 1 + 3 - -8?
3
What is the value of (-3 - 1) + (-4 + 2 - -4)?
-2
What is (4 - (6 - 1)) + -3 + 9?
5
Evaluate (5 - 5) + -2 - 2 - 2.
-6
What is 6 - -2 - (-3 + 9)?
2
What is 0 - (-2 - (-2 - 4))?
-4
What is -3 + -1 + 0 + 0?
-4
-5 - -6 - ((0 - 1) + 2)
0
22 - 20 - (6 + (-1 - 0))
-3
2 + -1 + (4 - 3)
2
What is -1 - -9 - 3 - 6?
-1
Evaluate -2 - (-5 + 3) - (-12 - -6).
6
Calculate 6 + 3 + -4 - 7.
-2
What is the value of 4 + -2 + 2 + (-18 - -5)?
-9
7 - 0 - 6 - -2
3
5 + 1 + -7 + -2
-3
What is the value of 4 + ((-4 - -9) + 0 - 7)?
2
Calculate 1 + 2 - (-3 - -10) - -4.
0
What is 4 - (-1 + 3 + 5 + -6)?
3
What is the value of 13 + (4 - 4) - 16?
-3
What is the value of (2 - 3) + 2 - (33 - 32)?
0
10 - ((11 - 16) + 13)
2
What is the value of -1 + -2 + 2 + 0?
-1
What is (-46 - -43) + (-2 - (-7 - 0))?
2
3 + 6 + -6 + -9
-6
-11 - ((-17 - 6) + 13)
-1
What is -46 - -55 - (0 - -1) - 3?
5
Calculate 3 - 1 - 2 - 0.
0
What is -4 + (0 - -9) - (2 - 0)?
3
16 + 2 + -8 + -3
7
(0 + 2 - -1) + -4
-1
Evaluate 5 + -9 - (-10 - (-2 - -3)).
7
Evaluate -1 + -6 - (-7 - -1).
-1
-3 - -7 - (3 + 2)
-1
What is 5 - (-1 - (3 + -6))?
3
What is -1 + 0 + 0 + (-130 - -135)?
4
What is (6 - 8) + -2 + (2 - -2)?
0
(-2 + 7 + 3 - 7) + -11
-10
Calculate -4 + (6 - (-3 + 2)).
3
(1 - 4) + (4 - 1)
0
Evaluate 44 + -38 - (-2 + 0 - -9).
-1
What is -2 - (0 - (1 - (-2 - -5)))?
-4
Evaluate (-7 - -9) + (-1 - 6).
-5
2 - 7 - (18 + -7 + -8)
-8
Calculate 8 + -1 + 26 + -42.
-9
What is 8 + 1 - (-35 + 38)?
6
0 + -6 + (10 - (-7 - -12))
-1
Calculate 5 - ((2 - (3 + 4)) + 4).
6
What is the value of (2 - 0) + -3 + 0 + 0?
-1
What is the value of -2 - (2 - 8 - 1)?
5
What is 11 - (-2 + 12) - -4?
5
Evaluate (-4 - (-2 + 1)) + 7.
4
Calculate 5 + 1 + -6 + 3 + -6.
-3
Calculate -5 + (1 - 0) + 26 + -13.
9
-18 + 28 - (1 + 2)
7
0 + (1 - (-5 + 3))
3
Calculate 13 + (8 - 21) + 8.
8
Evaluate 1 + (-4 - -3) - 2.
-2
What is (0 - 0) + 6 - 0 - 3?
3
(10 - 4) + (-4 - 0)
2
1 + -18 - (14 - 24)
-7
What is the value of 1 - -5 - (6 + -2)?
2
What is the value of 8 - (5 + (1 - -3)) - -8?
7
Calculate -2 + -2 - (-5 + 0).
1
What is -8 - (0 + -6) - -8 - 7?
-1
Evaluate -15 + 19 - (6 + 1).
-3
Calculate -6 + (-1 - (1 - 4)).
-4
Calculate (-1 + -1 - -1) + 1.
0
Calculate (-3 - 1) + 2 + -3 + 3.
-2
What is (-8 - (-3 + -1)) + 6?
2
Evaluate -1 + 2 + (-17 - -17).
1
3 - -1 - 3 - (10 - 13)
4
Calculate 3 - (14 + -21 - -7).
3
Calculate 10 + -13 + (6 - 1).
2
4 - -1 - (2 + -2 + 2)
3
Evaluate (-5 - -8) + -11 + 5 + -2.
-5
Calculate (2 + 8 - 8) + -4.
-2
What is the value of -3 + 1 + -11 + 8?
-5
(-12 - (6 - 11)) + 7
0
Evaluate (-1 - -4) + (5 - (4 + 0)).
4
Calculate -3 - (-2 + 2 - 1) - -4.
2
What is the value of (-2 - (-6 - -7)) + (-6 - -10)?
1
14 + 3 + -8 - 7
2
What is 10 + (5 - 12) + -1?
2
Evaluate -3 + (6 + -6 - 1) - -5.
1
What is (1 + 1 - -6) + (115 - 114)?
9
Calculate (-4 - -9 - 4) + -2 + -1.
-2
What is 1 - (-8 + 16 + -4)?
-3
Calculate 7 + -2 + 1 + -2 - 3.
1
What is the value of 1 + (-3 - (-5 - -2))?
1
-3 + 7 - (-4 - -10) - -2
0
Calculate 7 - (12 - 3 - 10).
8
What is the value of -1 - (-3 - (-2 + -1) - -1)?
-2
(-2 - 13 - (3 - 4)) + 7
-7
Calculate 1 + -3 + 6 + 1 + -3.
2
Evaluate 4 + 1 + 1 + -9 - -5.
2
Evaluate 3 - (8 + -5 - 9).
9
Calculate (3 - (1 - 0)) + -12 + 11.
1
What is the value of (0 - -5) + 16 + -19?
2
What is -11 + -2 + 0 + 8?
-5
What is -6 + 0 - -10 - 4?
0
What is (-2 - 2) + (5 - 0) + -6?
-5
What is 6 + -1 + -4 - 1?
0
Evaluate 0 - ((4 - 1) + -5 + 4).
-2
Evaluate 2 + (-5 - 5 - -7 - -5).
4
Evaluate 4 + (2 + 0 - 5).
1
Calculate -4 + 9 + -18 + 16.
3
What is 0 + (2 - 4) + (-17 - -18)?
-1
What is -13 + (1 - 4 - (-10 - 0))?
-6
What is the value of 2 - (-3 + 15 - 7)?
-3
What is -2 + (-4 - -7) + (-3 - -1)?
-1
(0 - 6 - 1) + 13
6
Calculate 5 - (5 + (-4 - -6)).
-2
What is the value of 5 + -10 - (-1 + -5)?
1
Calculate -3 - (-7 - (-8 - -3)).
-1
What is the value of 6 + -3 + -4 - 3?
-4
(-2 - -1 - -2) + -3 + -1
-3
Evaluate -4 + (-3 - (1 + 0)) + 4.
-4
What is the value of 7 - (-1 + 1) - 12?
-5
What is the value of -2 + 6 + (4 - 8) + 1?
1
What is the value of (5 - (3 - 2)) + -3?
1
Evaluate -6 + (-11 - (-22 + 6)).
-1
What is (10 + -6 - -1) + -6 + -3?
-4
Evaluate -6 + 5 - ((-2 - -1) + 3).
-3
-10 + (7 - -2) - (1 - 6)
4
-6 - ((-3 - -5) + -5)
-3
What is 2 + 2 + -5 + 2 + -3?
-2
9 + -7 + 0 + -6 + 0
-4
What is -1 - (3 + 2 - (-1 - -5))?
-2
What is (1 - 4 - 2) + 1?
-4
Calculate -7 + 6 + 2 - 1.
0
Calculate 0 - 5 - (-42 - -38).
-1
1 - (-6 - (-5 - 3))
-1
(1 - -6 - (5 - 12)) + -7
7
Evaluate -5 - 3 - (-10 + 8).
-6
What is 1 - 5 - 0 - (2 - 0)?
-6
Evaluate 3 + 0 + (3 - 6) + 2.
2
What is the value of (2 - (-1 - -2)) + 3 + -1?
3
Calculate -13 - (-33 + 12) - (1 + 1).
6
What is 10 - (9 - 0) - 4?
-3
Evaluate 7 + -19 + 9 + 8.
5
Evaluate -6 - (-6 - -2 - -2).
-4
Calculate (1 - (0 - 0)) + (-44 - -41).
-2
What is -5 + (3 - 7) + 4?
-5
Calculate 3 + -1 + 1 + 0.
3
(4 - (0 + 2)) + 3
5
What is the value of -5 + 1 - (-85 + 85)?
-4
Calculate -8 + 13 + 5 + -9.
1
4 + (18 - (4 - -3) - 7)
8
Calculate -2 + (2 - -1 - (-2 - -6)).
-3
Calculate 6 - 14 - -4 - (-4 + 0).
0
(-8 - -16) + (4 - (5 - -3))
4
Calculate 15 + -11 - 6 - -7.
5
Evaluate -5 - (-3 + 7 + -14 + 7).
-2
What is the value of (0 - 1) + 1 + -3 - 1?
-4
What is -4 - (5 - (-5 + 6 - -9))?
1
Evaluate 4 + -11 - (0 - 8).
1
Evaluate (-1 + 2 - (-6 - -7)) + 6.
6
Calculate 2 + (-3 - (5 + -11)).
5
(-1 - 0) + (-4 - 1) - -4
-2
3 + -10 + 1 - -1
-5
Evaluate 3 - -1 - (14 - 10 - 2).
2
Calculate -20 + (3 - -8) - -3.
-6
What is (1 - -6) + -3 + -2?
2
-6 + -2 + 20 - 7
5
Evaluate -1 + -2 - (-3 - (-2 + -1)).
-3
What is the value of 7 - 8 - 5 - -12?
6
What is -1 - (-4 - (1 - -2 - 3))?
3
What is the value of -3 + (-3 + -2 + 6 - -5)?
3
What is 63 + -57 + -11 + -1?
-6
What is (-2 - -1) + 3 + -4?
-2
Evaluate -2 + (-3 + 2 - 3) + 2.
-4
3 - (1 - (1 - 2))
1
0 + -1 + -1 + 1
-1
What is 7 + -5 + 10 - 5?
7
What is the value of -5 - (-4 - (6 - 2))?
3
What is 4 + -17 - (-4 + -18)?
9
Calculate -2 + 6 + 2 + -1 - 6.
-1
Calculate -10 + 10 + -2 + 5.
3
What is the value of (4 - 7) + (6 - -1)?
4
-3 + (-3 - 1) - -4
-3
What is the value of -12 + 4 + -2 + (0 - -4)?
-6
(4 - (2 - 2)) + (-6 - 1)
-3
What is 1 + 1 + -3 + (-6 - -4)?
-3
Evaluate 9 + -13 - (-17 - -4).
9
Evaluate -3 + 1 + 1 - -3 - 10.
-8
What is the value of -1 + 5 + -3 - (-3 + 2)?
2
What is -2 + 5 - (-4 + 3)?
4
What is -11 - -12 - (0 + -2)?
3
What is the value of -21 - (-10 + (4 - 2)) - -8?
-5
9 - (4 - 1) - 7
-1
What is 6 - (-2 - -7) - (1 + -4)?
4
(-17 - -32) + -7 + -1
7
Calculate -12 - (12 - (21 + -4)).
-7
What is the value of -3 + (5 + -4 - -3)?
1
What is the value of -3 - (-4 - -2 - 2)?
1
-3 + -5 + 4 + 2 + -2
-4
What is the value of -2 + 2 + (-4 - 0) + 2?
-2
1 + 4 + -6 - 3
-4
What is -10 + (9 - (5 - 5))?
-1
What is the value of (-5 - -4) + -5 - -4?
-2
What is -2 + (-6 - (2 - 8)) - 3?
-5
7 + -8 - (-3 - (3 + -9))
-4
Evaluate -11 + 8 - (-2 - (-2 - -3)).
0
-4 - (-4 + 1 + 7)
-8
What is the value of 0 + -1 + -8 + 11 - 4?
-2
Evaluate -7 - (-3 - -2 - (0 - -2)).
-4
-2 + 1 - (10 - -3 - 20)
6
What is the value of -5 + 0 - (2 - (-4 + 8))?
-3
Calculate -5 + (3 - 3 - 0 - -1).
-4
(-26 - -29) + (0 - 8)
-5
Evaluate 1 - (1 + 4) - (-14 + 7).
3
(5 - (4 - 4 - -5)) + 6
6
Evaluate -1 + -1 - (-3 - -4).
-3
Calculate 6 + 1 - 14 - -13.
6
2 + -5 + (3 - -5)
5
Evaluate -4 + (2 - 8 - -2 - -7).
-1
Evaluate 7 + -3 + -4 + 3.
3
Evaluate -14 + (17 - 3) + (0 - 1).
-1
What is 2 - (6 - 1) - -2?
-1
(10 - -1) + (-26 - -20)
5
Evaluate 3 + (-6 - (0 + 3)) - -1.
-5
0 + (7 - 8) + -7
-8
What is the value of 5 + 0 + -3 + -1 - 4?
-3
What is the value of 2 + -4 + (0 - -1)?
-1
Evaluate 23 - 10 - (9 + -2).
6
Calculate 7 - (1 + 1) - (3 + 6).
-4
-3 + -2 + 4 + 6
5
What is -3 - (-2 - -3 - 4 - 2)?
2
What is the value of (7 - 5) + -1 + 3 - -1?
5
What is 1 + 1 + (-4 - -1) - 4?
-5
Calculate (1 - (2 + 0) - 0) + 3.
2
(-7 - -3) + 2 + 7
5
What is the value of -3 - -2 - (0 + 1)?
-2
Evaluate 6 + 10 + -21 + -1.
-6
What is the value of (1 - -8) + -19 + (2 - -3)?
-5
Evaluate -1 + 3 + (2 - 3) + -1.
0
9 - (-1 - -6) - (3 - 0)
1
5 + (-2 + -1 - 3)
-1
Calculate 7 + 1 + (-3 - (9 - 9)).
5
Evaluate 14 + (-11 - 17) - -7.
-7
(-3 - -1) + (3 - (13 - 7))
-5
What is 7 + (-10 - 9) + 16?
4
Calculate (3 - (-4 - -4)) + (0 - 1).
2
Evaluate -13 + (7 - -4) + 5.
3
Calculate (-3 - -3) + (2 - 0) + -1.
1
Calculate